/(-42)).
3, 7
Suppose 5*m + 1056 = 17*m. List the prime factors of m.
2, 11
Suppose -5*c = -6155 - 7000. List the prime factors of c.
3, 877
Let d(z) = -19*z. Let b = 91 + -93. What are the prime factors of d(b)?
2, 19
What are the prime factors of (-4 - 15/(-4))*-7388?
1847
Suppose 0 = -56*y + 57*y + 2. What are the prime factors of 3*y/(-12) + 710/4?
2, 89
Let t(l) = 35*l**2 + 24*l - 22. What are the prime factors of t(6)?
2, 691
Let w be ((-95)/(-4))/((-1)/(-4)). Suppose 256 = 3*u - w. What are the prime factors of u?
3, 13
Let k(x) = -8*x - 19. Suppose 6*p = 5*p + 2. Suppose p*g + 2*g = -32. What are the prime factors of k(g)?
3, 5
Suppose -4*y + 2*o = 12, -18 = -0*y + 2*y + 2*o. Let f(x) = 6*x**2 + x. List the prime factors of f(y).
5, 29
Let k = 370 - -455. Suppose 0*q - 672 = -4*l - 2*q, -5*l + 5*q = -k. What are the prime factors of l?
167
Suppose 0*i - 636 = -2*i. Suppose 5*o + 8 = i. List the prime factors of o.
2, 31
What are the prime factors of 271802/814 - (-12)/11?
5, 67
Suppose -4*y + 3905 = -5*x, -y + 980 = -9*x + 4*x. What are the prime factors of y?
3, 5, 13
Suppose 5*g - 3*c - 3 = 0, 2*c - 1 - 16 = -3*g. Let d = 228 - 222. Suppose g*f - d*f = -111. List the prime factors of f.
37
Suppose 3*c + 98 = 5*u, -3*u + 55 = 7*c - 5*c. What are the prime factors of u?
19
What are the prime factors of 1509/11 + (-30)/165?
137
Let w(m) = -167*m**3 - 3*m - 2. Suppose -o - 15 = 2*o + 3*j, -22 = 2*o + 5*j. List the prime factors of w(o).
2, 3, 7
Let x be 200/14 + (-4)/14. Let d = -11 + x. Suppose 3*w + l = -l + 63, 63 = 3*w + d*l. List the prime factors of w.
3, 7
Let g(c) = -30*c + 53. Let s be g(-9). Suppose z = 2*h + 4*z - s, h = 4*z + 189. List the prime factors of h.
13
What are the prime factors of 99 - ((-4 - -13) + -4)?
2, 47
Suppose -f + 4*n + 529 = 0, 4*f = -n - 993 + 3194. List the prime factors of f.
3, 61
Suppose -19*g = -24*g + 20. Let j(b) = 5*b**3 - 2*b**2 - 6*b - 8. What are the prime factors of j(g)?
2
Suppose 0 = 12*n - 8*n + 112. Let i = 32 + n. What are the prime factors of i?
2
Let x = 4650 + -2582. What are the prime factors of x?
2, 11, 47
Let i(m) = 2*m**2 + 10*m + 9. Let j be i(-6). Suppose 3*h = 3*v - j, 3*v - 5*v - h + 20 = 0. Suppose -v = -2*l - l - 2*f, -2*f = 0. List the prime factors of l.
3
Suppose 5*j + 3*d - 12378 = 2*d, -5*j = 5*d - 12370. List the prime factors of j.
2, 619
Suppose -a = 5 - 9. Suppose -a*w = -4*u + 920, 0*u = 3*u + w - 698. Suppose -43*g - u = -47*g. List the prime factors of g.
2, 29
Suppose -h - 2*h = 4*u + 37, -22 = 2*h + 4*u. Let j = -8 - h. Suppose -3*v + o + j = v, -1 = -3*v + 5*o. What are the prime factors of v?
2
Let n(s) = 4*s - 13. Let l(c) = 2*c**2 + c - 2. Let q be l(2). What are the prime factors of n(q)?
19
Let u = -2011 + 2972. What are the prime factors of u?
31
Let w(d) = 2110*d**2 + 24*d + 24. What are the prime factors of w(-1)?
2, 5, 211
Suppose -3*s - 9 = -6*s. Let t be ((-10)/s)/((-12)/18). Let i(b) = 4*b - 2. What are the prime factors of i(t)?
2, 3
Let a be (-11742)/(-21) + 3/(-21). Suppose -9*k - a + 1639 = 0. List the prime factors of k.
2, 3, 5
Let m be (-15)/((-270)/12)*669*1. Suppose -62 = 4*c - m. What are the prime factors of c?
2, 3
Let u(w) = -6*w. Let j be u(-1). Let g(z) be the third derivative of z**5/60 - z**4/8 + 7*z**3/6 + 10*z**2. List the prime factors of g(j).
5
Let x(q) = q**3 - 2*q - 9. Let t be x(6). Suppose 4*c - 3*g = -4*g + t, 2*c - 4*g - 102 = 0. List the prime factors of c.
7
Let q(d) = -d**2 - 9*d - 1. Let k be q(-4). Let z = -17 + k. Suppose z*h + 0*h = 60. What are the prime factors of h?
2, 3, 5
Let t = 0 + -7. Let b be 3 + t - (-4)/1. Suppose 40 = 4*o - 2*y, 0 = -2*y - b*y - 8. List the prime factors of o.
2
Let z(l) = 5*l**2 + 9*l + 8. Let h be 9/(-63) + 50/7. List the prime factors of z(h).
2, 79
Suppose -4*x = 2*f - 838, 0 = -35*f + 34*f + 4*x + 437. What are the prime factors of f?
5, 17
Let k(v) = -v**2 - 50*v + 1093. List the prime factors of k(0).
1093
Suppose 0 = 5*u - 5 - 5. Let t be 8 - ((-2)/(-15) + 1022/210). Suppose -3*p + w = -0*w - 15, -t*w + 10 = u*p. List the prime factors of p.
5
Let y = -35 + 28. List the prime factors of 2/(-15) - (83244/90)/y.
2, 3, 11
Let o = -100 + 159. Suppose -4*l - o - 92 = -b, 4*l - 707 = -5*b. What are the prime factors of b?
11, 13
Let y be ((-6)/(-15))/(-3 + 62/20). Suppose -6*r + 4*n = -2*r - 104, 36 = 2*r + 2*n. Suppose -2*p - r = -y*p. What are the prime factors of p?
11
Let h = -8 + -1. Let d = h + 9. Suppose d = i + 4*i - 40. List the prime factors of i.
2
Let m = 268 + -211. List the prime factors of m.
3, 19
Let d = 525 + -218. What are the prime factors of d?
307
Let c = -1197 - -1726. List the prime factors of c.
23
Suppose 0 = 12*x - 15*x + 540. Suppose 10*c - x = -2*c. What are the prime factors of c?
3, 5
Let x be 246/10 + (-6)/(-15). Suppose l + 26 = -x. Let k = -28 - l. List the prime factors of k.
23
What are the prime factors of ((-2097)/6 + 0)/(42/(-224))?
2, 233
Suppose -d = 126 - 1660. Let w be d/14 + (-6)/(-14). Suppose -4*z + w = -2*z. What are the prime factors of z?
5, 11
Let p(g) = -g**2 + 7*g + 30. Let z be p(15). List the prime factors of 3/(-2)*2280/z.
2, 19
Suppose -9*h + 94*h - 292230 = 0. What are the prime factors of h?
2, 3, 191
Suppose -6568 = -3*x - 1825. What are the prime factors of x?
3, 17, 31
Let u = 108 - 234. Let r be 4/(-20) + u/(-5). Let j = r - 14. What are the prime factors of j?
11
Let c(w) be the first derivative of 16*w**2 - 62*w - 19. What are the prime factors of c(10)?
2, 3, 43
Let i = 1766 - 722. What are the prime factors of i?
2, 3, 29
Let t = 945 + -848. List the prime factors of t.
97
Suppose 2*r = -0*r - 8*r. Suppose 124 = -r*c + 4*c. List the prime factors of c.
31
Let v(t) = -18*t + 0*t + 10*t + 39 + 10*t. What are the prime factors of v(-15)?
3
Let q(d) = 5*d**2 - d + 1. Let t be q(1). Suppose 4*i - s = 22, -t*s = i - 5 - 11. What are the prime factors of 32 - (-3 - i/(-1))?
29
What are the prime factors of 29*2/(6 - 4)?
29
Let h(q) = q**2 - 7*q - 29. List the prime factors of h(24).
379
Let w = 117 - 107. List the prime factors of (1896/w - (-4)/10) + 2.
2, 3
Suppose 896 = -p + 8*p. Suppose -4*y + 76 = -p. What are the prime factors of y?
3, 17
Let w be (16 + -19)/(3/94). Let k = -66 - w. List the prime factors of k.
2, 7
Let w(x) = -x**2 + 4*x + 302. What are the prime factors of w(0)?
2, 151
List the prime factors of 1796/6*6/4.
449
Let q(a) = a**3 - 5*a**2 - 6*a - 28. List the prime factors of q(10).
2, 103
Let c be (-176)/(-12)*6/(-4). Let s(h) = 3*h**2 + 5*h + 9. Let z be s(-2). Let n = z - c. List the prime factors of n.
3, 11
Suppose -27 + 137 = 10*n. List the prime factors of n.
11
Let j(z) = 13*z + 20. List the prime factors of j(11).
163
Suppose -4*r + r = -1125. List the prime factors of r.
3, 5
Suppose 0 = 31*x - 19*x - 5088. List the prime factors of x.
2, 53
Let k be (28/21)/((-4)/(-6)). List the prime factors of k + (0 - 3) + 80.
79
Suppose -4*g - 38 = 2*u, 5*g + 50 = -u - u. Let i(o) = o**3 + 13*o**2 + 3*o + 12. What are the prime factors of i(g)?
2, 3, 5
Let p be 5 + -2 + (2 - 3). Suppose 3*o + 3*m - 173 = -o, -p*o + 5*m + 119 = 0. List the prime factors of o.
47
What are the prime factors of (-10)/35 + 233/7?
3, 11
Let n(x) be the second derivative of -1/20*x**5 + 11/2*x**2 + 0 - 2*x + 3/2*x**3 + 2/3*x**4. List the prime factors of n(9).
11
Let a(d) = d**3 + 13*d**2 + 7*d + 10. Let n(t) = t**3 + 12*t**2 + 6*t + 10. Let p(s) = -5*a(s) + 6*n(s). Let q = 247 - 254. What are the prime factors of p(q)?
3
Let z = 417 + 455. What are the prime factors of z?
2, 109
Suppose 357 = 2*p - 99. Suppose -n - 2*n + p = 0. What are the prime factors of n?
2, 19
Suppose -h - 5*z - 9 = 0, 0 = -4*h + 2*z + 3*z + 14. Let m(n) = -40*n**3 - 5*n. Let a(l) = -l**3 + l. Let x(o) = -4*a(o) - m(o). List the prime factors of x(h).
3, 5
Suppose -17*j = -15*j + 16. Let z(l) = l**3 + 10*l**2 - 10*l - 14. What are the prime factors of z(j)?
2, 97
Let i(r) = -5*r**2. Let o be i(-1). Let s(a) = 0 + 4*a - 3 - 5*a. List the prime factors of s(o).
2
Suppose 0*p = 4*p + 12. Let v be 0 - -1 - (0 - p). List the prime factors of 6 + 42 + -1 + v.
3, 5
Let j = -2 + -1. Let k be -24*(j + 10/4). Suppose b - 26 = k. What are the prime factors of b?